= 842 + s. What are the prime factors of x?
463
Let c(r) = r + 54. Let n be c(-16). Suppose -n*p + 34*p = -1544. What are the prime factors of p?
2, 193
Let j(p) = -27*p**3 + 83 - 4*p - 84*p**3 - 87 - 6*p**2. What are the prime factors of j(-2)?
2, 7, 31
Let j(f) = -f + 2. Let n be (27/18)/((-3)/8). Let x be j(n). Let h(t) = -t**3 + 7*t**2 - 2*t + 6. What are the prime factors of h(x)?
2, 3, 5
Let f(t) = -21*t + 743. Let m be f(42). Suppose 4*b = 4*d + 232, -4*d - b = 274 - 52. Let n = d - m. List the prime factors of n.
83
Suppose 0*k = -2*k - 3*u + 25, 4*k + 3*u - 35 = 0. Suppose -d = -z + 3*z - 12, -k*z + 29 = 2*d. Suppose -3*x = d*x - 725. What are the prime factors of x?
5, 29
Suppose -3*g = o - 15, 3*g + 2*o = -2 + 14. Suppose 2*j + 4 = 4*r, g*j - j - 4*r - 2 = 0. Suppose 91 = j*u - u. List the prime factors of u.
7, 13
Let p be ((-12)/(-9))/((-8)/(-12)). Suppose 7*t - o = 5*t + 533, 3*t - p*o - 800 = 0. What are the prime factors of t?
2, 7, 19
List the prime factors of ((-498)/9)/((-10)/100 - (-138)/1980).
2, 11, 83
Let o = 205811 - 143408. What are the prime factors of o?
3, 11, 31, 61
Let d(m) = 37*m + 1. Let w be d(2). Suppose 2*f + 3*h + 29 = -0*h, -w = 5*f + 5*h. Let z(u) = u**2 + 12*u + 12. List the prime factors of z(f).
2, 19
Let y(j) = -1668*j - 5378. List the prime factors of y(-8).
2, 7, 569
Let q = -29 + -52. Let j = q + 855. What are the prime factors of j?
2, 3, 43
Let g(r) = -3*r - 9. Let v be g(-3). Let w be v/((-6)/1 + 3). Suppose 1 - 3 = -x, 4*o - x - 142 = w. What are the prime factors of o?
2, 3
Let t = 99 - 93. Let d be -2*(-4 + t) - -2. What are the prime factors of (d + 0 + -1)*1062/(-27)?
2, 59
Let j be ((-80)/(-50))/(2/(-10)) + 0. What are the prime factors of (-4)/j*-94*-1?
47
Let a = 6681 + 4687. What are the prime factors of a?
2, 7, 29
Suppose -q - 2*a + 12 = 3*q, -q - 4*a = -10. Suppose -2*t = -24 - q. Suppose 585 = t*y - 8*y. What are the prime factors of y?
3, 13
Suppose -1614720 = 197*j - 342*j. List the prime factors of j.
2, 3, 29
Let v = -11387 - -29460. What are the prime factors of v?
11, 31, 53
Suppose -5*y - 5*l = -29790, 2310 = -y + 3*l + 8292. What are the prime factors of y?
2, 3, 7, 71
Suppose 0 = 5*h - 4*u - 182, -2*u = 5*h - 0*h - 194. Suppose h*x - 30*x = 2688. List the prime factors of x.
2, 3, 7
Suppose 0 = 428*x - 380*x - 2667120. List the prime factors of x.
5, 11113
Suppose 28 = u - 24. Let n = 72 - u. Suppose n*h = 16*h + 68. List the prime factors of h.
17
Suppose 6 = h + 2*h. Suppose -32 = h*g - 10*g. Suppose d = g*d - 282. List the prime factors of d.
2, 47
Let r = -63 - -65. Suppose r + 7 = -g. List the prime factors of ((-132)/g)/((-6)/(-81)).
2, 3, 11
Let p be (-7 - 2 - -4) + 40. What are the prime factors of ((-38)/30 - (-21)/p)*-540?
2, 3, 5
Let y = 1460 - 1019. Suppose -55 = -4*b + y. Let u = b + -13. List the prime factors of u.
3, 37
Suppose -2082 = 2*u - 2*s, 0*s + 2*s + 2082 = -2*u. List the prime factors of 6*(-5 + u/(-9)) - 2.
2, 331
Suppose -v - 3*b - 6 = 0, 9*v + 11 = 5*v + b. What are the prime factors of 5 - (-1459 - 24/v)?
2, 7, 13
Suppose 0 = -3*m + 5*t + 833, t + 275 = m. Suppose 8612 = -l + 8456. Let a = l + m. List the prime factors of a.
5, 23
Suppose 0 = 5*t - 2*f - 57858, 12*t = 7*t + 3*f + 57857. List the prime factors of t.
2, 11, 263
Let k(f) = 5 - 3 + 62*f - 63*f + 77*f**3. Let w be k(2). Suppose 5*n = -3*x + w, -3*n = n - 2*x - 506. What are the prime factors of n?
5
What are the prime factors of ((-648 - 1) + (-110)/(-330))*(-306)/7?
2, 3, 17, 139
Let f(n) = -n**3 + n**2 + n - 1. Let z be (2/(-7))/((-7)/49). Let a be f(z). What are the prime factors of (1*(-6)/(-4))/(a/(-560))?
2, 5, 7
Let y(x) be the second derivative of -x**7/2520 - x**6/80 + x**4/2 - 40*x. Let m(h) be the third derivative of y(h). List the prime factors of m(-5).
2, 5
What are the prime factors of ((-30)/20 - 0) + 48044/8?
2, 19, 79
Suppose -64218 = -2*w + 2*v, -32151 = 42*w - 43*w - 5*v. List the prime factors of w.
2, 7, 31, 37
Let h = -40 + 67. Suppose -3*s = 0, -1098 = -2*g - 25*s + h*s. What are the prime factors of g?
3, 61
Let u = 41 + -36. Suppose 2*l + 3*g - 49 = 0, l + 4*g = 32 - u. What are the prime factors of l?
23
Let n(i) = -2*i**3 + 8*i**2 + 10*i - 16. Let t be 8 - (-4 + 8 + -3). Let b be n(t). Let a = b + 433. What are the prime factors of a?
193
Suppose 6*d = 10*d - 20. Suppose 1135 = -d*x - 2*j, 3*x - 2*j - 219 = 4*x. Let w = 398 + x. List the prime factors of w.
13
Let b be -5*1/(-1) + (-3)/3. Suppose -5*y - b*o = -2089, 0*y = -3*y - 2*o + 1255. What are the prime factors of y?
421
Let l(a) = 1368*a**2 - 88*a - 247. List the prime factors of l(-3).
12329
Let q be (-2)/(6 - (-100)/(-15)). Suppose 3*l + o + o - 532 = 0, -5*l + q*o + 912 = 0. List the prime factors of l.
2, 3, 5
Suppose -h - 9 = 2*h - 3*t, -3*h = 3*t - 21. Let q be h/(-7) - (6 + (-996)/7). Let l = q + -110. What are the prime factors of l?
2, 13
Suppose 2*u = 3*u + 34. Let t = -31 - u. Let w(b) = 3*b**2 - 3*b + 8. List the prime factors of w(t).
2, 13
Suppose -234 = 3*q + 192. Let b = q + 257. Suppose -x - 26 + b = 0. What are the prime factors of x?
89
Let y = 79 + -72. Let a(g) = -3*g**2 + 4*g + 32. Let v be a(y). What are the prime factors of (2 + (2 - (-28)/(-6)))*v?
2, 29
Let v be (-56)/12*(2 - 8). Suppose 27 = x + 4*l, -5*l - 3 + v = 0. What are the prime factors of (-48)/(-1) + (5 - x)?
2, 23
Let y = -2484 + 13104. List the prime factors of y.
2, 3, 5, 59
Suppose -44*a + 3083236 = 13*a - 189647. List the prime factors of a.
67, 857
Let t be 32/10 - -7*9/(-315). Suppose 0 = 4*s - t*p - 710, 183 = s - 4*p + 6*p. What are the prime factors of s?
179
Suppose 28*l = 24*l + 13244. Suppose -35*t + l = -28*t. List the prime factors of t.
11, 43
Suppose 6*l - 45*l + 195 = 0. Suppose 0 = r + 3*r - 12. Suppose 0*y - 3*b = -4*y + 607, r*b = l*y - 761. What are the prime factors of y?
2, 7, 11
Let s(f) = -f - 113. Let p be s(7). What are the prime factors of (-1)/((6 - 5)/p)?
2, 3, 5
List the prime factors of 18/(-15)*(-20)/(-8) - (-11902)/22.
2, 269
Let l = -116 - -114. List the prime factors of (272/85)/(l/(-595)).
2, 7, 17
Let x(v) = 1404*v**2 + 385*v - 1142. List the prime factors of x(3).
7, 13, 139
Suppose 637 = -7*b + 4655. Suppose -2*n - 126 = b. Let x = -247 - n. List the prime factors of x.
103
Suppose -13*u + 18*u - 41 = 4*l, 3*u = -5*l - 5. Suppose -3*v + u*k = -280, 6 = -v - k + 94. List the prime factors of v.
2, 3, 5
Let g(l) = -242*l - 29. Let s be g(-7). Let u = s - 838. List the prime factors of u.
827
Let h(i) = 10*i**3 + 4*i**2 - 5*i + 18. List the prime factors of h(7).
3, 401
Suppose 0 = 6924*o - 6906*o - 135288. What are the prime factors of o?
2, 1879
Let q(d) = -73*d**3 + 5*d**2 - 30*d - 26. List the prime factors of q(-5).
2, 43, 109
Let j be 20/15 - 640/(-15). Let d = 902 - j. What are the prime factors of d?
2, 3, 11, 13
Let k = -2913 + 4551. Let c = -983 + k. What are the prime factors of c?
5, 131
Suppose -4*c - 2*v = -582, c - 56 = 5*v + 95. Let t(i) = -i**3 - 8*i**2 - 18*i + 15. Let p be t(-14). Suppose 7*u = c + p. What are the prime factors of u?
227
Suppose -3*j = -2*j - u + 90, u = 2. Let n = -66 - j. List the prime factors of n.
2, 11
Let p be 7/(-2*1/(-186)). Let z = 442 + p. List the prime factors of z.
1093
Suppose 3*q = 4*n + 3349 + 8943, 0 = -3*q + 3*n + 12297. List the prime factors of q.
2, 3, 19
Let l = 23619 + -13903. List the prime factors of l.
2, 7, 347
Suppose -a + 4397 + 2736 = 0. List the prime factors of a.
7, 1019
Let v(q) = 2*q**2 - 3*q + 18. Suppose -9*y = 84 + 24. List the prime factors of v(y).
2, 3, 19
Suppose -u = -12 - 4. Suppose 3*s - 90*t + 89*t = 137, 0 = 4*t + 8. Suppose -b + s = u. List the prime factors of b.
29
Let r = -83459 - -117576. What are the prime factors of r?
109, 313
Let s = 31837 + -15454. What are the prime factors of s?
3, 43, 127
Suppose -52*x + 53*x - 2416 = -2*b, 5*b + 2*x - 6038 = 0. List the prime factors of b.
2, 3, 67
Suppose 36*b - 40*b = -68. Suppose -b*f = -7*f - 3840. List the prime factors of f.
2, 3
Let r be (-3)/(4 + 26/(-6)). Let n be 436/18 - 2/r. Suppose 4 - n = -5*y. List the prime factors of y.
2
Suppose -4*q + 11 = 3. Suppose 0*v + q*v - 8 = 0. Let x = 50 - v. What are the prime factors of x?
2, 23
